Suppose -7*d = -16*d - 9. What is u(d)?
21
Let s = -2 + 2. Let t be 2/3*(s + -3). Let j(x) = x**2 - x + 2. Calculate j(t).
8
Suppose t + 3*g + 0*g = 14, 5*t + 5*g = 30. Suppose 0 = t*q + 2*q - 20. Suppose -3*l + q = 17. Let r(a) = -a**3 - 4*a**2 - 2*a - 4. Give r(l).
4
Let t(q) be the second derivative of -q**2/2 - 4*q. Let f(o) = -7*o**2 - o - 2. Let l(p) = -f(p) + 2*t(p). Give l(1).
8
Let n(y) = -y**2 - 8*y - 6. Let u be n(-6). Let m(j) = j**2 - 6*j - 3. Let h be m(u). Let l(w) = 3*w + 4. Calculate l(h).
-5
Let g(y) = y**3 + 3*y**2 - 3*y + 5. Suppose w = 5*w. Let c be (-2)/(w - 3/(-6)). Calculate g(c).
1
Let w(z) be the second derivative of -2/3*z**3 + 3/2*z**2 + 0 + 1/4*z**4 - z. Give w(2).
7
Let u = -1 - -4. Let l be (-10)/(-4) - u/6. Let g be l*(-4)/((-24)/9). Let f(p) = -p**3 + 2*p**2 + 5*p - 2. What is f(g)?
4
Let y(t) = -t**2 + 6*t + 7. Let n(u) = -u**2 - 7*u - 5. Let f be n(-5). Determine y(f).
12
Suppose 0 = -3*w + 30. Let l = w - 4. Let o(t) = -2*t + 2. Give o(l).
-10
Let v(r) = 3*r**2 + r. Suppose -n - 3*m - 8 = 0, n + 17 = 3*n - 5*m. What is v(n)?
4
Let t(u) = u**3 - 4*u**2 + 2*u - 2. Let y(j) = -2*j**2 - 23*j + 14. Let h be y(-12). Suppose 4*v = q + 13, 4*q + 2 = 4*v - h. Give t(q).
-5
Let f(r) = r**3 - 4*r**2 - 6*r - 4. Suppose 3*d - 7 = 8. Determine f(d).
-9
Let k(m) = 9*m + 15. Let h be k(-2). Let n(q) = q**2 + 4*q - 2. What is n(h)?
-5
Let b(q) = q**2 + q - 1. Let g(y) = -7*y**2 - 2*y + 5. Let p(i) = -4*b(i) - g(i). Determine p(-1).
4
Let u(v) = v**2 + 6*v + 4. Suppose -x + 5*n = 19, 4 = 3*x - n + 19. Give u(x).
-4
Let c = -18 - -10. Let h(f) = f + f**3 + 3*f**2 - 5 - 4 + 6*f**2 + 5*f. What is h(c)?
7
Let y(q) = q**2 - 4*q + 1. Let i(a) be the third derivative of -7*a**4/24 + a**3/6 - 3*a**2. Let j be i(-1). Let p = -5 + j. Determine y(p).
-2
Let p(j) = 2*j - 5. Let c(f) = 4*f - 9. Let i(y) = -4*c(y) + 7*p(y). Let z be 0 + 2 - 1 - 0. Let m = 1 + z. Calculate i(m).
-3
Let r(y) = -2*y**2 + 5*y - 5. Let d(a) = -4*a**2 + 11*a - 11. Let q(h) = 6*d(h) - 13*r(h). Let p(j) be the first derivative of q(j). Determine p(-3).
-11
Let z(r) = -4*r**2 - 1 - 6 - 6*r - r**3 - 2*r**2. Let i be (-2)/((-1 + -3 + 2)/(-5)). Determine z(i).
-2
Let q(n) = n**3 + 4*n**2 - 2*n - 5. Let h(s) = 21*s**3 + 2*s**2 - s. Let i be h(1). Suppose 2*u - 3*x = x - 16, 5*x - i = 3*u. Determine q(u).
3
Let o(k) = k + 1. Suppose -3*a + 1 + 26 = 0. Suppose -4*s - s - 22 = l, -5*l = 3*s. Suppose 4*r - a = l. Determine o(r).
4
Let h(s) = -s**2 - 8*s - 4. Let y be h(-6). Let m = y - 3. Let b(i) be the second derivative of -i**4/12 + i**3/2 + i. Determine b(m).
-10
Let z(l) = -l**3 + 3*l**2 + 2*l. Let w(i) = -7*i**2 - 1 - i**3 + 5*i - 6*i - 2. Let o be w(-7). Give z(o).
-8
Let i(h) = -5*h**2 - 5*h + 6. Let g be i(1). Let y(k) = k**2 + 2*k - 5. Determine y(g).
3
Let o(m) = -2*m - 5. Let k be o(-6). Let g(d) = d**3 + 9*d**2 - 9*d + 14. Let p be g(-10). Let l(t) = 1 - p*t + 4 - k. Give l(-2).
6
Let d(z) = -z**2 - z + 2. Let w(v) = -v**3 - 7*v**2 + 9*v - 2. Let p be 8/(-5)*(1 + 4). Let j be w(p). Let n be (-4)/j + 16/10. Calculate d(n).
-4
Suppose 0 = 3*d - d - 12. Let x(t) = t**2 + t**2 + d*t - t**2 - 2 + 4. Let b be ((-8)/(-6))/((-2)/6). Calculate x(b).
-6
Let u(c) = c**3 + 11*c**2 + 9*c - 10. Let o be (-4)/18 - 176/18. Let s be u(o). Let i(v) = v**3 + 5. Calculate i(s).
5
Suppose -30 = -5*y + 3*c, 4*c = -4*y - 2 - 6. Let g(j) = 4*j + j**2 - 3*j + 4*j**y - 1 + 0*j**2. Determine g(1).
5
Let c(d) = -2*d + d**2 + 0 - 5 + 0 + 4*d. Suppose -2 = -2*h + h, 0 = -4*w - h + 22. Suppose -w*v - 10 = -3*v. What is c(v)?
10
Let x(i) be the first derivative of 0*i**2 + 1/2*i**3 - i + 1. Let t(l) be the first derivative of x(l). Calculate t(2).
6
Let j(h) be the second derivative of 1/2*h**2 + 0*h**3 + 0 + 7/20*h**5 + 0*h**4 - 2*h. Determine j(-1).
-6
Suppose 5*y - 9 = 6. Let x(z) = z**2 - 3*z - 4. Calculate x(y).
-4
Let i(j) = 2 + 3*j - 2*j + 2 - 7. Let b be 4*2/4 - -2. Let x be i(b). Let a(q) = -3*q + 1. Determine a(x).
-2
Let f(c) = -c**3 - 5*c**2 + 5*c - 8. Let y = -18 + 32. Suppose 0 = 2*n + y - 2. Determine f(n).
-2
Let j(m) be the first derivative of m**3/3 + m**2/2 - 17*m + 11. Calculate j(0).
-17
Let y(b) = -b**3 + 5*b**2 - 3*b - 5. Let n be y(4). Let s(a) = -4*a**2 + a + 2. Let u(g) = g**2 - 1. Let z(h) = n*s(h) - 3*u(h). Give z(2).
3
Suppose 4*x - 2*f = -4*f + 18, -x = -f + 3. Let v be 10/(-4)*(-8)/5. Let n(p) = 0*p + v - p + x*p - 1. What is n(-2)?
1
Suppose 0*i = i - 2. Let g(m) = m + 14. Let w be g(-14). Let u(z) = z + w + i - 1. Determine u(-3).
-2
Let b(h) = 11*h**3 + 19*h**2 + 12*h + 23. Let g(a) = 5*a**3 + 9*a**2 + 6*a + 11. Let y(o) = 6*b(o) - 13*g(o). Calculate y(5).
15
Let z(r) = -2*r + 1. Let n(t) = 2*t - 1. Let c(d) = 5*n(d) + 6*z(d). Let h be 8*3/6 + -1. Suppose -1 = l + 2*q, h*l = 5*q - 3*q - 11. Give c(l).
7
Let b(u) = -u + 1. Let s be b(-4). Suppose 2*p - 3*p = -s. Suppose p*i - 7 = 18. Let v(g) = -g + 5. What is v(i)?
0
Suppose -11*j + 10*j = 3. Let x(u) be the second derivative of -u**3/3 - u**2/2 - 3*u. What is x(j)?
5
Let j(f) be the second derivative of f**3 - f**2/2 + 6*f. Calculate j(1).
5
Let w(z) = -4 + 2*z - z - 2*z. What is w(-4)?
0
Let r(x) = x**2 + 2*x - 4. Let g be r(-5). Let l be 42/4*4/(-6). Let w = l + g. Let h(f) = -f**2 + 3*f + 3. Give h(w).
-1
Let s(x) = -1 + 5 - 3 - 8*x + 0*x. What is s(1)?
-7
Let h = -2 - -5. Let x(q) = -q + 6. Let g(o) = 2*o - 7. Let r(c) = h*g(c) + 4*x(c). Suppose 5*s - m + 7 = 0, -2*s + 1 = -4*m - 7. Give r(s).
-1
Suppose 12 = -4*z + 8*z. Suppose 0 = -5*v - 2*d + 84, -v - z*v = -4*d - 56. Let c(g) = 2*g + v - 2*g**3 + g**3 - 4*g**2 - 10. What is c(-4)?
-2
Let u = -28 + 25. Let a(v) = 3*v + 1. Calculate a(u).
-8
Let b(t) = -t + 23. Let h(k) = -8. Let x(z) = 3*b(z) + 8*h(z). Suppose 0 = -4*c + 5*s - 5, -8*c + 4*s = -4*c. Give x(c).
-10
Suppose 2*z - 2*g = 1 - 9, 0 = -4*g + 12. Suppose 0 = -2*q + 4. Let a(l) = 0*l - 1 - 2*l**2 + l + 2 + 8*l**q. Give a(z).
6
Suppose -29 = -8*j + 27. Let d(i) = -i**2 + 6*i + 6. Calculate d(j).
-1
Let n(s) = 2 + 4*s**2 + 3 - 5*s**2. Let l be n(0). Suppose h = -4*u + 22 - 2, -4*u + 20 = -l*h. Let r(k) = -k**2 - 6. Determine r(h).
-6
Let z(l) = -10*l**2 + 3*l - 7. Let q(d) = 3*d**2 - d + 2. Let i(h) = -7*q(h) - 2*z(h). What is i(0)?
0
Let a(z) = z + 1. Let r(y) = 7*y + 4. Suppose 2 = -v + 3*v. Let q(c) = v*r(c) - 6*a(c). Give q(-3).
-5
Let s(l) be the second derivative of l**4/12 + 2*l**3/3 - l**2 + 16*l. Determine s(-7).
19
Let v(a) be the third derivative of a**6/120 - 7*a**5/60 - 5*a**4/12 + 7*a**3/6 - 2*a**2 - 4*a. Determine v(8).
-9
Let y(w) = 6*w**3 + 2*w**2 + w. Let t(a) = a - 4. Let o be t(3). Give y(o).
-5
Let i(z) = z**3 - 5*z**2 - 6*z. Let l be ((-75)/10)/((-6)/16). Let k be l*(2/4)/1. Suppose -25 = 5*h, 3*h = 5*d + 7*h - k. Give i(d).
0
Let a(b) = b**2 - b + 1. Let n(r) = -5*r**2 + 11*r - 12. Let l(y) = 6*a(y) + n(y). Give l(-6).
0
Let x(p) be the second derivative of -p**4/6 + 5*p**3/6 + 2*p**2 + 4*p. Suppose 4*t = s - 17, 0 = -3*s + 4*t + 28 - 9. Let c be (3*s)/(12/16). Determine x(c).
-8
Let l(s) = -s**2 - 4. Suppose k + 3*k = -2*k. Give l(k).
-4
Let z(j) = -9*j + 2*j**2 + 5 + 7*j - 3*j**2. Calculate z(-4).
-3
Let y(j) = -j**3 - 3*j**2 + 0*j**2 + 6*j**2 + 0 + 1. Determine y(3).
1
Let k = -80 - -84. Let r(b) = b**3 - 4*b**2 + b - 3. Give r(k).
1
Let h(g) = -g**2 - 7*g - 3. Let m = -21 + 14. What is h(m)?
-3
Let k = -34 + 33. Let g(s) = -2*s**3 + s**2. What is g(k)?
3
Let f = 28 + -23. Let h(z) = 3*z**2 - 1. Let k be h(1). Let r(y) = 6*y**2 - y**k + 3 - 5 - y**3. Determine r(f).
-2
Let a be (6/(-9))/((-4)/30). Let b = -3 + a. Suppose -5*u + 13 = -b*f - 2*f, 0 = 2*u - 2*f - 4. Let q(p) = p**2 - 4*p - 5. Calculate q(u).
0
Let q(u) = 7*u**3 - 12*u**2 - 15*u + 2. Let i(k) = 15*k**3 - 25*k**2 - 31*k + 3. Let d(f) = -6*i(f) + 13*q(f). What is d(7)?
-6
Let a(q) = -q - 3. Let w be a(-5). Let u(f) = 7*f + 3*f**2 - f - 2*f + w + f**3. Determine u(-2).
-2
Let o = -4 - -10. Let a(d) = d - 6. Determine a(o).
0
Let p(w) = -3*w + 4. Let q(b) = -15*b + 19. Let v(u) = 11*p(u) - 2*q(u). Let x(g) = -g + 1. Let l be 0 + (0/2 - 4). Let i(r) = l*x(r) + v(r). What is i(2)?
4
Let r be (-2 + (-3 - -1))*-1. Let g(i) = -i**3 + 4*i**2 - 4. What is g(r)?
-4
Let p(k) = k**2 - k + 1. Suppose 0*s = -5*s - 5. 